{"id":213,"date":"2018-10-02T12:51:04","date_gmt":"2018-10-02T12:51:04","guid":{"rendered":"http:\/\/valeskarusso.de\/?page_id=213"},"modified":"2022-08-31T07:39:44","modified_gmt":"2022-08-31T07:39:44","slug":"deutsch","status":"publish","type":"page","link":"http:\/\/valeskarusso.de\/?page_id=213","title":{"rendered":"\u00dcber mich"},"content":{"rendered":"\n<p><strong>Naturwissenschaftlerin<\/strong> (Promotion in Chemie)<\/p>\n\n\n\n<p><strong>Projekt- und Qualit\u00e4tsmanagerin<\/strong> in der IT und Automotive Branche<\/p>\n\n\n\n<p><strong>Familienmanagerin<\/strong> f\u00fcr drei Teenager, von denen eines im Rollstuhl sitzt<\/p>\n\n\n\n<p><strong>Trainerin<\/strong> und Beraterin von jungen Wissenschaftlern in Projektmanagement, agilem Denken, Zeitmanagement, Motivation, wertsch\u00e4tzender Kommunikation und F\u00fchrung<\/p>\n\n\n\n<p><strong>Coach<\/strong> f\u00fcr Ver\u00e4nderung und Entwicklung in Pers\u00f6nlichkeit und Beruf nach&nbsp; Business Modell You\u00ae und der St. Galler Coaching Methode\u00ae<\/p>\n\n\n<div class=\"wp-block-image\">\n<figure class=\"aligncenter size-full is-resized\"><img loading=\"lazy\" decoding=\"async\" src=\"http:\/\/valeskarusso.de\/wp-content\/uploads\/2022\/08\/IBO7404.jpg\" alt=\"\" class=\"wp-image-678\" width=\"298\" height=\"446\" srcset=\"http:\/\/valeskarusso.de\/wp-content\/uploads\/2022\/08\/IBO7404.jpg 534w, http:\/\/valeskarusso.de\/wp-content\/uploads\/2022\/08\/IBO7404-200x300.jpg 200w\" sizes=\"(max-width: 298px) 100vw, 298px\" \/><\/figure><\/div>","protected":false},"excerpt":{"rendered":"<p>Naturwissenschaftlerin (Promotion in Chemie) Projekt- und Qualit\u00e4tsmanagerin in der IT und Automotive Branche Familienmanagerin f\u00fcr drei Teenager, von denen eines im Rollstuhl sitzt Trainerin und Beraterin von jungen Wissenschaftlern in Projektmanagement, agilem Denken, Zeitmanagement, Motivation, wertsch\u00e4tzender Kommunikation und F\u00fchrung Coach f\u00fcr Ver\u00e4nderung und Entwicklung in Pers\u00f6nlichkeit und Beruf nach&nbsp; Business Modell You\u00ae und der St. &hellip; <\/p>\n<p class=\"link-more\"><a href=\"http:\/\/valeskarusso.de\/?page_id=213\" class=\"more-link\"><span class=\"screen-reader-text\">&#8222;\u00dcber mich&#8220;<\/span> weiterlesen<\/a><\/p>\n","protected":false},"author":1,"featured_media":0,"parent":0,"menu_order":0,"comment_status":"closed","ping_status":"closed","template":"","meta":{"footnotes":""},"_links":{"self":[{"href":"http:\/\/valeskarusso.de\/index.php?rest_route=\/wp\/v2\/pages\/213"}],"collection":[{"href":"http:\/\/valeskarusso.de\/index.php?rest_route=\/wp\/v2\/pages"}],"about":[{"href":"http:\/\/valeskarusso.de\/index.php?rest_route=\/wp\/v2\/types\/page"}],"author":[{"embeddable":true,"href":"http:\/\/valeskarusso.de\/index.php?rest_route=\/wp\/v2\/users\/1"}],"replies":[{"embeddable":true,"href":"http:\/\/valeskarusso.de\/index.php?rest_route=%2Fwp%2Fv2%2Fcomments&post=213"}],"version-history":[{"count":14,"href":"http:\/\/valeskarusso.de\/index.php?rest_route=\/wp\/v2\/pages\/213\/revisions"}],"predecessor-version":[{"id":684,"href":"http:\/\/valeskarusso.de\/index.php?rest_route=\/wp\/v2\/pages\/213\/revisions\/684"}],"wp:attachment":[{"href":"http:\/\/valeskarusso.de\/index.php?rest_route=%2Fwp%2Fv2%2Fmedia&parent=213"}],"curies":[{"name":"wp","href":"https:\/\/api.w.org\/{rel}","templated":true}]}}